= 0. Suppose 12*d - q = 819. What are the prime factors of d?
157
Suppose 54*t + 627822 - 1990144 - 466820 = 0. What are the prime factors of t?
3, 7, 1613
Let o(k) = -k**2 + 5*k + 2. Let y be o(5). Suppose 6*b + y*b = -56. Let z(h) = h**3 + 8*h**2 - 2*h + 4. What are the prime factors of z(b)?
67
Suppose 118*l - 264*l + 3702706 = 0. What are the prime factors of l?
7, 3623
Let j(y) = 76*y**2 + 6*y - 4. Let q be j(1). What are the prime factors of 8592/q - 4/26?
2, 5, 11
What are the prime factors of (-2 + 1)*-4 + 4988200/1225?
2, 1019
Let n = -30 + 18. Suppose -18*v + 15*v = 36. List the prime factors of 3/n + (-891)/v.
2, 37
Let i = -42 + 46. Suppose -i*h + 4*r = 0, r - 2 = -5*h + 5*r. List the prime factors of -2*((-87)/h - -4).
79
Suppose 93 = -6*r - 213. Let u = r - -52. List the prime factors of -4*99/(-6) + u.
67
Suppose y = -1505 + 93. Let v = y - -2062. What are the prime factors of v?
2, 5, 13
Let y(j) = 4*j**2 - 48*j + 510. List the prime factors of y(40).
2, 5, 499
Let b(q) = q**2 - 15*q + 13. Let l be b(7). Let g = l + 58. What are the prime factors of 2912/35 + (-3)/g?
83
Let d be (-2868)/(-42) + 10/(-35). What are the prime factors of 12342/d + (-1)/(-2)?
2, 7, 13
Suppose 0 = 2*a - 4*a + 12. Suppose 2 = a*x - 5*x. Suppose -w - x*p = -55, w + 2*w - 2*p = 181. List the prime factors of w.
59
Let p = 816 + -812. Let m(z) = 133*z - 170. What are the prime factors of m(p)?
2, 181
Let h(a) be the first derivative of a**3/3 + 5*a**2/2 + 2*a + 194. Suppose 4 - 24 = -5*o. What are the prime factors of h(o)?
2, 19
Let g(d) = 147*d - 2046. What are the prime factors of g(79)?
3, 1063
Suppose 5*u = 3*t - 91, 0*u - 2*u + 82 = 2*t. Let k = -49 + t. What are the prime factors of (1 - 3) + k*50/(-15)?
2, 19
What are the prime factors of 6/14 - (1550035/(-203) - (-2)/29)?
2, 23, 83
Suppose -16 = -k - o, 21 = 3*k - 3*o - 9. Suppose -4*g + 1 = 3*i, 0 = 3*g - 4*i - 45 + k. List the prime factors of (-1)/g - (-4)/((-96)/(-1542)).
2
Let q = 3794 - 445. Suppose 0 = 12*n - q - 6779. What are the prime factors of n?
2, 211
Let c = -8005 - -24876. What are the prime factors of c?
16871
Suppose -11924*m + 11896*m + 862008 = 0. What are the prime factors of m?
2, 3, 7, 733
Let b(x) = 39*x**2 - 59*x + 38. What are the prime factors of b(4)?
2, 3, 71
Let v(z) = 17*z**2 + 3*z + 95. Let q be v(0). Let i be (-1 + -22)*(0 - -1). Let l = i + q. What are the prime factors of l?
2, 3
List the prime factors of (19 + -849)*(-144)/45.
2, 83
Suppose -9*a + 94093 = -92639. List the prime factors of a.
2, 3, 7, 13, 19
What are the prime factors of (-456)/20*(-111180)/136?
3, 19, 109
What are the prime factors of (2 + 2 + (-80376)/20)/((-36)/90)?
10037
Let g(d) = -d + 16. Let i be g(11). Suppose 3*w + 4*j - 2003 = 0, i*w - 547 - 2743 = 3*j. What are the prime factors of w?
661
Suppose 5*d = -d - 2952. Let w = 717 + d. Suppose 4*o - w = -3*n, 3*n - o = -2*o + 234. List the prime factors of n.
79
Suppose 0 = -5*n + 4*g + 11236, -29*n + 3*g = -33*n + 8995. What are the prime factors of n?
2, 281
Suppose -2*s - b = -16, -1 = -2*s - 4*b + 15. Let o be (21 - (0 - 1))*s. Suppose 40 = f - a, o = 2*f + 2*f + 4*a. What are the prime factors of f?
2, 3, 7
Suppose -6*k + 289 - 67 = 0. Suppose -28*j = -k*j + 2043. List the prime factors of j.
227
Suppose -313*d + 59593 = -89082. List the prime factors of d.
5, 19
Let f = 2033 - 1299. Suppose 5*l + 4*r - 3700 = -r, -l + 2*r + f = 0. List the prime factors of l.
2, 3, 41
Let y = -543 + 553. What are the prime factors of (295/3)/(8/(960/y))?
2, 5, 59
Let s be 20/8 + 1365/(-14). Let n = s + 264. List the prime factors of n.
13
Suppose -227 - 1225 = 12*o. Let s = o - -704. List the prime factors of s.
11, 53
Suppose 20*l = -0*l - 11*l + 576910. What are the prime factors of l?
2, 5, 1861
Suppose -4*t = 7 + 5, -3*x + 3 = 2*t. Let p be (-583)/x + (5 - (-68)/(-12)). Let y = p + 329. List the prime factors of y.
2, 67
Let g(i) = -791*i + 4093. List the prime factors of g(-8).
17, 613
Let h(l) = -5*l + 27. Let q(y) be the first derivative of -5*y**2 + 54*y + 2. Let a(m) = 9*h(m) - 4*q(m). What are the prime factors of a(-8)?
67
Suppose 0 = -3*b - 17*b - 10400. Let t = -252 - b. What are the prime factors of t?
2, 67
Suppose -27*n - 120 = -32*n. Let q(t) = 34*t - 31. Let p be q(n). Suppose m - p = -4*m. What are the prime factors of m?
157
Suppose 1761 = 17*d + 95. What are the prime factors of 207/18*d - -1?
2, 3, 47
Let q(c) = -83*c + 923. List the prime factors of q(-82).
59, 131
List the prime factors of -11 + (-222112)/(-11) - -26.
11, 167
Suppose -297*b - 716053 = -316*b. What are the prime factors of b?
13, 223
Suppose 9*g - 519 = -168. Let n be g/((-4)/16 - (-3)/8). Let k = n - 87. List the prime factors of k.
3, 5
Suppose -3*w - 6*c - 41 = -4*c, -48 = 4*w - 4*c. Let f be 0 + w + 28/(-14). What are the prime factors of (-10)/f - (-362)/6?
61
What are the prime factors of (-13)/((-156)/2680)*(-3222)/(-15)?
2, 67, 179
List the prime factors of (616/55 + -10)/((-183454)/(-61150) + -3).
3, 5, 1223
Let h(i) = 0 + 31*i + 4 + 55*i + 20*i. List the prime factors of h(2).
2, 3
Let h = 194264 - 110062. What are the prime factors of h?
2, 42101
Let n(i) = -5*i**2 + 60*i. Let g(y) = -2*y**2 + 30*y - 1. Let w(o) = 13*g(o) - 6*n(o). What are the prime factors of w(-13)?
3, 7, 13
Let b be -1*1 + (14 - 10). Let j be (-114)/4*(1 - b). Let y = 106 - j. List the prime factors of y.
7
Let g(n) = -3 - 6*n - 5 + 10 - n**3 - 7*n**2 - 7. Suppose 9 = -2*p - 5. What are the prime factors of g(p)?
37
Suppose -3*z + 334*v + 58855 = 338*v, 0 = -3*z - v + 58843. List the prime factors of z.
11, 1783
Suppose 611 = 3*d - 4*v - 1119, 4*v - 2830 = -5*d. What are the prime factors of d?
2, 3, 5, 19
Let i(y) = 719*y + 173. List the prime factors of i(6).
7, 641
Let v(y) = -y - 3. Let t be v(-4). Let m be (10 - 8)/(t/(-2)). List the prime factors of ((-327)/6 - m)*-4.
2, 101
Let a be (10/3)/((1 + -4)/27). Let q = -9 + a. What are the prime factors of 1/((-27)/90*2/q)?
5, 13
Let g be (-4 + (-12)/(-4))*-197. Suppose q - g - 1213 = 0. Suppose 3*f - 13*f + q = 0. List the prime factors of f.
3, 47
Let q = 753 + -785. List the prime factors of 1/(-8) - 39108/q.
2, 13, 47
Suppose 0 = 4*w + 3*a + 3, 5*w + 2*a + 1 = a. What are the prime factors of 2 - (w + -333 + -5)?
2, 5, 17
Let t(m) = -4*m**3 + 5*m**2 + 3*m + 4. Let f be t(-3). Suppose z + k = -113, -3*k - 106 = z + 3. Let c = f + z. What are the prime factors of c?
3, 11
Suppose 0 = -10*i - 82*i + 1114396. What are the prime factors of i?
12113
Let i be (276/(-15))/(14/(-140)). Let j be (9/27)/((-1)/(-9)). List the prime factors of (-1)/(548/i - j).
2, 23
Let m(a) = a**3 + 4*a**2 - 12*a + 4. Let y be m(-6). Suppose 3*q - 3 = 0, s = y*q + 326 + 50. List the prime factors of s.
2, 5, 19
Suppose 0 = -2*d - n + 6, -4*d + 7 = -3*n - 15. Suppose -d*j = j + 5. What are the prime factors of j/(9/24)*99/(-4)?
2, 3, 11
Let d(m) = -2*m**3 - 5*m**2 - 5*m - 3. Let j be d(-3). List the prime factors of (j/4)/(-1 + 132/128).
2, 3, 7
Suppose -1246*a + 1228*a + 27864 = 0. List the prime factors of a.
2, 3, 43
Suppose 4*d - 546 = -7130. List the prime factors of d/(((-24)/(-18))/(10/(-15))).
823
Suppose 6432 = 9*b - 20703. Suppose 115*l = 120*l - b. What are the prime factors of l?
3, 67
List the prime factors of (-2)/(32/(-20))*(10497 - 17).
2, 5, 131
List the prime factors of -2 + 179892/5 - (-628)/(-1570) - 1.
5, 1439
Suppose -32*o + 40*o + 15*o - 247066 = 0. What are the prime factors of o?
2, 41, 131
Suppose 2 = 29*r - 28*r. Let k(l) = 28*l + 7. Let u be k(r). Let i = 29 + u. List the prime factors of i.
2, 23
Suppose 4*o - 8 = 4*x, -5*x - 7 = -4*o - 0*o. Suppose 0*g = g - 4*l - 3, -3*l + 9 = o*g. Let d = 39 + g. What are the prime factors of d?
2, 3, 7
Suppose 77*s - 81*s + 52442 = -2*a, 2*s = -a + 26211. List the prime factors of s.
2, 29, 113
Let x(p) = 7*p + 70. Let k be x(-10). What are the prime factors of -2 + 502 + (1 - k)?
3, 167
Let y(w) = 206*w + 3346. List the prime factors of y(33).
2, 317
What are the prime factors of (-16564)/(-6) - 55/((-4455)/108)?
2, 1381
Let m(k) = -223*k**3 + 30*k**2 + 22*k - 12. List the prime factors of m(-6).
2, 3, 11, 31
Let w be ((-5)/(-20))/(3/132) - 0. Suppose 0 = -4*v - 4*q - 48 + 180, -5*q